67290 = 2*f - 0*f - 2*z. Is f composite?
True
Let y(w) = 46*w + 21. Let g = 34 + -29. Suppose -20 = u + g*n, -6 = -u + 4*n + 19. Is y(u) prime?
True
Let a(z) be the first derivative of -6*z**3 + 12*z**2 + 23*z + 15. Let y be a(-16). Let h = -3458 - y. Is h composite?
False
Let l be 1507 + (2 - 4) + (-42)/(-7). Let p = -102 + l. Is p a prime number?
True
Let m = 317 - 290. Suppose 4*i - 293648 = -5*z, m*z - 26*z = -5*i + 367081. Is i a composite number?
False
Let z = 67556 + -45985. Let c = 31104 - z. Is c a prime number?
True
Let f = -207058 - -381819. Is f a prime number?
True
Let c(j) = 49*j**2 + 7*j + 15. Suppose -v + 5*n = 24, 0*v = -v - 4*n + 3. Is c(v) a prime number?
False
Let j be 3 + -1 + (-3 + 5 - 5). Let i be 77/(-4) - j/(16/(-12)). Is 2/(-5) - 30708/i a composite number?
True
Let n be -12*(4 - 389/4). Suppose -5*w + n = 144. Is w + -4 + 0/5 composite?
False
Let g(c) = 5*c**3 - 3*c + 4. Let b be g(1). Suppose -8335 + 53041 = b*i. Is i a prime number?
True
Let g = 98 + -94. Suppose 0 = k - g + 3, -2*j - 3*k = -10739. Let a = j + -3794. Is a a composite number?
True
Suppose 0*w = -5*w - 45. Is (709*5/15)/((-3)/w) prime?
True
Is (-18244660)/(-180) + 10/(-45) a prime number?
True
Suppose 2*j + j = -5*g - 6, -4*j + 5*g = -27. Let c(i) = 2*i**3 + 22*i**3 - 8*i**3 - i**j + 4. Is c(3) composite?
False
Is -4 + (-5)/10*-58727*(-42)/(-7) a prime number?
False
Let v be (7 - 5)/(-4)*-10. Let a = 5 - v. Suppose 5*w + 5*t - 2089 - 2211 = a, -4*t = -w + 875. Is w a prime number?
True
Suppose 7*y - 2*y = 240. Suppose -44*s - 7404 = -y*s. Is s composite?
True
Suppose f - 124958 = 166735 - 14802. Is f a composite number?
True
Suppose 0*a + a - 1 = -4*n, -3*n = -5*a + 5. Suppose -8*y = -7*y + a. Is 4/8*(895 + y) composite?
True
Suppose -b - 9 = -76. Suppose b + 99 = 2*l. Suppose l = 5*k - 342. Is k a prime number?
False
Let t = -5772 + 12386. Suppose -3*u + 6604 = -5*w, 5*w - 4*u = -6*u - t. Let l = w + 5361. Is l a prime number?
False
Let x(v) = 406*v**2 + 4*v + 54. Let k be x(7). Suppose 0 = -n - 7*n + k. Is n composite?
True
Let c(y) be the third derivative of -7*y**6/40 + 7*y**5/60 + 7*y**4/24 - y**3/3 + 23*y**2. Let p be c(-5). Suppose x + 2*x = p. Is x a composite number?
True
Let s = -101 - -106. Suppose -2*g + 5832 = 2*x, x + 8638 + 5972 = s*g. Is g a composite number?
True
Suppose -x + 47336 = 3*a, -378707 = -7*x - x - 5*a. Is x composite?
False
Suppose -18*r + 4088704 = -12282566. Is r composite?
True
Let d(j) = 5 + 56*j**2 + 115*j**2 + 4*j**2 + 106*j**2 + 17*j. Is d(-3) a prime number?
False
Let x = -269047 - -504048. Is x a prime number?
False
Is (4/(36/15))/((-60)/(-4902552)) - 5 composite?
False
Let t(g) = -g**3 - 3*g**2 + 12*g - 1. Let n be t(9). Let z(o) = o**3 + 13*o**2 + 2*o - 1550. Let i be z(0). Let u = n - i. Is u a composite number?
True
Is (-5 - 102/(-15)) + 6706896/105 a prime number?
False
Suppose 2*d - 3*f + 15 = 0, 3*d = -d - 4*f - 20. Let s = 18 + d. Suppose 55 = q - s. Is q a composite number?
False
Let t = 94 - 89. Is ((-7648)/(-40))/(-1*(-2)/t) a prime number?
False
Let j be (8/(-3))/(3/(-9090)). Suppose -3*p - t - 4035 = -2*p, 2*p + 4*t = -j. Is (-6)/33 + p/(-22) prime?
False
Let q(s) = 14*s**2 - 29*s + 1213. Is q(42) a composite number?
False
Let i = 3456 + -10495. Let a = 11658 + i. Is a composite?
True
Let a = 8699 + 3873. Suppose 3759 + a = 7*g. Is g a composite number?
False
Suppose 7*h - 99 = 8*h. Let s be h/(-55) - (-2)/10. Suppose -3*o = -5*k - s*o + 2458, -4*k + 1955 = 3*o. Is k a composite number?
False
Let o(s) = 18*s**3 + 8*s**2 + 6*s + 1. Suppose 22*p + 35 = 5*b + 23*p, 0 = 4*b + 5*p - 28. Is o(b) prime?
False
Let c(z) = -18925*z - 2313. Is c(-34) a composite number?
True
Let g(p) = 4*p - 2*p**2 + 27*p**3 + 0*p + 32545 - 32550. Let s be 4/18 - 68/(-18). Is g(s) prime?
False
Suppose -5*q + 4*y = 19, 3*q - y + 10 + 0 = 0. Is 2 + 120 - -2 - q a prime number?
True
Is (905993/1012)/(2/152) composite?
True
Let x(m) = 5936*m**2 - 22*m - 15. Is x(4) prime?
True
Is (12516/5 + -1)/(909/104535) prime?
False
Suppose -22 + 174 = -19*u. Is ((-36948)/u)/((-2)/((-8)/6)) a composite number?
False
Let i = -4 - -11. Suppose -n + 60072 = i*n. Is n a composite number?
True
Let b = 88800 - 6637. Is b composite?
False
Let n(l) = -10*l**3 + 6*l**2 + 43*l - 7. Let f be n(-9). Suppose -3*w - f = -5*s - 2*w, 4*s - 5896 = 4*w. Is s composite?
True
Let k(z) = -6*z - 81. Let h be k(-14). Suppose 0*g = 5*g, -5*v + 5045 = h*g. Is v a prime number?
True
Let i(t) = t**3 - 9*t**2 + 3*t - 21. Let k be i(9). Is 9 + 3346 + k + -2 prime?
True
Let p(u) = -3957*u - 8. Is p(-3) a prime number?
True
Let h = -70627 - -146420. Is h a composite number?
False
Let b(z) = -7*z + 2*z**3 + 2*z**2 - 3*z**2 - 4 + 5*z. Let f be b(2). Is 61/1 + (f - 7) prime?
False
Suppose 35*b = 32*b + 33273. Suppose -330*z - b = -333*z. Is z a prime number?
True
Is (-10)/1 - (-342969 + (30 - 12)) a composite number?
True
Let q be 15/2*(-18680)/(-12). Let c = -7308 + q. Is c a composite number?
True
Let z(k) = 142*k - 13. Let a be (16/28)/((-4)/(-14)). Let u be 1 - (a + -5) - -2. Is z(u) prime?
True
Let g = -104988 + 232487. Is g prime?
False
Suppose 523*l + 1122606 = 577*l. Is l a prime number?
True
Let n(j) be the third derivative of 0*j - 5/24*j**4 - 15*j**2 - 8/3*j**3 + 1/60*j**5 + 0 - 9/40*j**6. Is n(-5) composite?
True
Suppose -57 = -9*t + 159. Suppose -t + 3994 = 5*l. Suppose 5*r - 11199 = -l. Is r prime?
True
Suppose 24352 = -2*r + 5*r - 2*b, 3*r + 4*b - 24376 = 0. Suppose -5*i + 52030 - r = 5*a, 5*a = 0. Is i a prime number?
False
Let k(l) = 1542*l**3 + 4*l**2 - 29*l + 70. Is k(3) a prime number?
False
Suppose 0 = -5*v + k + 14365, -4*v - 3617 + 15088 = -5*k. Suppose -186*t = -180*t - v. Is t prime?
True
Let i = 97 - 87. Suppose 0 = -i*f - 11*f + 9429. Is f composite?
False
Suppose 0 = n - 3*g + 1, 7*g = -n + 4*g + 5. Suppose x + 3*q = 3305, 4135 - 17327 = -4*x + n*q. Is x composite?
False
Is (-165782)/(-4) - 660/264 a prime number?
True
Is -2 + (-208)/(-96) + (-109090)/(-12) composite?
False
Let o(t) be the third derivative of -143*t**4/24 - 25*t**3 - 23*t**2 + t. Is o(-13) composite?
False
Suppose 5*v = m + 91, -3*m - 39 = -2*v - 0*v. Is (-6206)/(-3)*v/12 a composite number?
True
Suppose -5125 = -7*p + 23190. Suppose p = g - 5521. Is g a composite number?
True
Let l be 2/(3 + -1 - 0/(-1)). Let i be -2 + (-3)/((-3)/l) - 20366. Is -1*(i/63 + 2/7) a prime number?
False
Suppose 0*c - 2*j - 46 = 2*c, 3*j + 115 = -5*c. Let x = 29 + c. Is (-4)/(x + -2)*-287 composite?
True
Let a = -143866 - -274823. Is a prime?
True
Let x = -14213 + 21250. Is x a prime number?
False
Is (51 - 39220284/(-36)) + 1/(-3) a prime number?
True
Suppose 2*c + 6*c = -24. Let r(s) = -5*s**2 - 24*s - 11. Let t(g) = -6*g**2 - 25*g - 11. Let a(b) = c*t(b) + 2*r(b). Is a(-10) a prime number?
True
Let i be 15/8 - 61/(-488). Suppose i*g + 83800 = 42*g. Is g composite?
True
Let l(w) = -248*w + 13394. Is l(-94) prime?
False
Let i be (-14)/14*(-2 - 0/2). Let r be (-438)/(i + (-1)/2). Let y = r - -509. Is y composite?
True
Suppose -3*d = -3, -15*n + 5*d = -11*n - 255231. Is n prime?
True
Suppose 6 = 2*f + 10. Let s(j) = -537*j + 23. Is s(f) composite?
False
Let h be (-30)/195 - ((-10872)/(-13))/(-2). Is (-2 - 105/2)/((-19)/h) prime?
False
Suppose -271*a + 267*a = -12. Let i(y) = 342*y**2 + 11*y - 2. Is i(a) composite?
False
Suppose 0 = -12*z - z + 143. Suppose -6*g + 1 = -z. Suppose -y + 127 = 2*p - 328, 5*y = -g*p + 467. Is p a composite number?
True
Let f(q) = 622*q - 35. Let p(k) = -1242*k + 69. Let u(r) = -5*f(r) - 2*p(r). Is u(-8) a composite number?
True
Let p = -321741 + 550715. Is p a composite number?
True
Let y = 222 + -220. Suppose 5*k = 4*w + 6583, 12*w - 15*w - 2629 = -y*k. Is k prime?
True
Let x be (3/(-2))/((-16)/4192). Suppose x*y = 399*y - 3498. Is y composite?
True
Let n = 225 + -45. Suppose 174*m = n*m - 202434. Is m composite?
False
Suppose 129061 = 3*t - 4*h, -3*h - 2*h = -t + 43013. Let l = -19433 + t. Suppose 7*j + 7*j - l = 0. Is j a composite number?
True
Suppose -61*q - 16 = -57*q. Let t(u) = u**3 + 4*u**2 - 4*u - 1. Let v be t(q). Is (v + -16)/(2/(-5442)) composite?
True
Let j(t) = -54*t**3 - 9*t + 2*t - 54 + 3*t + 9*t**2. Is j(-7) composite?
True
Suppose u + 0*u + 47 = 3*b, -5*b